{"id":4,"date":"2018-03-19T19:43:27","date_gmt":"2018-03-19T19:43:27","guid":{"rendered":"http:\/\/box2019.temp.domains\/~ticogonz\/contact-us-2\/"},"modified":"2018-03-30T07:35:34","modified_gmt":"2018-03-30T07:35:34","slug":"biografia","status":"publish","type":"page","link":"https:\/\/www.ticogonzalez.com\/?page_id=4","title":{"rendered":"Biograf\u00eda"},"content":{"rendered":"<p>Biograf\u00eda.<\/p>\n<h5><img data-recalc-dims=\"1\" decoding=\"async\" loading=\"lazy\" class=\"alignleft wp-image-214 size-medium\" src=\"https:\/\/i0.wp.com\/box2019.temp.domains\/~ticogonz\/wp-content\/uploads\/2018\/03\/2016-RG-Camera-web-300x225.jpg?resize=300%2C225\" alt=\"\" width=\"300\" height=\"225\" srcset=\"https:\/\/i0.wp.com\/www.ticogonzalez.com\/wp-content\/uploads\/2018\/03\/2016-RG-Camera-web.jpg?resize=300%2C225&amp;ssl=1 300w, https:\/\/i0.wp.com\/www.ticogonzalez.com\/wp-content\/uploads\/2018\/03\/2016-RG-Camera-web.jpg?resize=768%2C576&amp;ssl=1 768w, https:\/\/i0.wp.com\/www.ticogonzalez.com\/wp-content\/uploads\/2018\/03\/2016-RG-Camera-web.jpg?resize=600%2C450&amp;ssl=1 600w, https:\/\/i0.wp.com\/www.ticogonzalez.com\/wp-content\/uploads\/2018\/03\/2016-RG-Camera-web.jpg?w=960&amp;ssl=1 960w\" sizes=\"auto, (max-width: 300px) 100vw, 300px\" \/>Actualmente dedicado a la producci\u00f3n de programas de televisi\u00f3n trabajando para Tualatin Valley Community Television (TVCTV) en el Condado de Washington, estado de Oreg\u00f3n en los Estados Unidos de Am\u00e9rica. Roberto combina sus dos grandes pasiones; la producci\u00f3n de videos, y la creaci\u00f3n de composiciones musicales originales.<\/h5>\n<h5>Nacido en La Habana, Cuba, en 1974, desde muy joven desarroll\u00f3 actitudes art\u00edsticas, cursando estudios de m\u00fasica en los conservatorios Ignacio Cervantes y F\u00e9lix Varela de la capital; en los instrumentos de guitarra y de piano respectivamente. En el a\u00f1o 1997 se licenci\u00f3 en Arte de los Medios de Comunicaci\u00f3n Audiovisual, realizando sus estudios en el Instituto Superior de Arte de la Habana (ISA). Durante sus a\u00f1os de estudio en la facultad de comunicaci\u00f3n, particip\u00f3 en la producci\u00f3n de\u00a0 varios documentales. En dos de ellos: <strong><em>\u201cApag\u00f3n\u201d<\/em><\/strong><em>(1994) <\/em>y <strong>\u201c<em>El mago y la bicicleta\u201d <\/em><\/strong><em>(1996)<\/em> como Co-realizador y director asistente respectivamente; el primero, ganador del festival Aquelarre de 1995, en la categor\u00eda de v\u00eddeo.<\/h5>\n<h5>En 1995 fue el guionista y director de <strong>\u201c<em>El \u00faltimo tren\u201d<\/em><\/strong><em> , <\/em>un corto de ficci\u00f3n<\/h5>\n<h5>Co-producido por la Facultad de Cine, Radio y TV del ISA y por la Escuela Internacional de Cine y TV de San Antonio de los Ba\u00f1os el cual compiti\u00f3 en el concurso de v\u00eddeo del XVIII Festival Internacional del Nuevo Cine Latinoamericano de \u00e9se a\u00f1o. Con dicho corto obtuvo el premio<strong> \u201c<em>Vitral\u201d<\/em> <\/strong>a la mejor edici\u00f3n, y menciones en la especialidades de fotograf\u00eda y en la categor\u00eda de ficci\u00f3n, en el festival de 1996 del Movimiento Nacional de V\u00eddeo de Cuba.<\/h5>\n<h5>En 1996 incursion\u00f3 profesionalmente en la radio cubana, trabajando como director asistente del programa <strong>\u201c<em>Mezcla\u201d<\/em><\/strong> de Radio Metropolitana; bajo la tutor\u00eda de su madre Carmen Rosa Portales; quien fue su mentora como directora del programa. \u00a0<strong><em>\u201c\u00a1Mezcla y az\u00facar!\u201d<\/em><\/strong> lleg\u00f3 a ser uno de los programas radiales musicales m\u00e1s populares y reconocidos de su \u00e9poca en la capital habanera.<\/h5>\n<h5>En el a\u00f1o 1997 dirigi\u00f3 y produjo el videoclip <strong><em>\u201cLluvia\u201d<\/em><\/strong>, inspirado en un tema de su propia autor\u00eda, con el cual tuvo la posibilidad de unir su trabajo musical y audiovisual,<\/h5>\n<h5>defendiendo su tesis de grado y obteniendo excelentes calificaciones. En ese mismo a\u00f1o fund\u00f3 y se desempe\u00f1\u00f3 profesionalmente como director asistente del programa humor\u00edstico <strong>\u201c<em>Pateando la Lata\u201d, <\/em><\/strong>programa habitual de la TV Cubana con alta aceptaci\u00f3n de la teleaudiencia.<\/h5>\n<h5>En el a\u00f1o 1998 en busca de nuevos horizontes, Roberto y su familia emigran a Costa Rica. En \u00e9ste pa\u00eds centroamericano Roberto trabaj\u00f3 primero en la radio \u201cEl Mundo\u201d en la ciudad de San Jos\u00e9 y luego como camar\u00f3grafo en el Canal 36 TV de Univisi\u00f3n, Costa Rica S.A. en la ciudad de Liberia en el coraz\u00f3n de la provincia de Guanacaste. Desempe\u00f1\u00e1ndose profesionalmente en una variedad de programas; de noticias, deportivos, culturales y en numerosas transmisiones locales de televisi\u00f3n.<\/h5>\n<h5><img data-recalc-dims=\"1\" decoding=\"async\" loading=\"lazy\" class=\"size-medium wp-image-208 alignright\" src=\"https:\/\/i0.wp.com\/box2019.temp.domains\/~ticogonz\/wp-content\/uploads\/2018\/03\/2001-Portland-Folklore-Society-300x214.jpg?resize=300%2C214\" alt=\"\" width=\"300\" height=\"214\" srcset=\"https:\/\/i0.wp.com\/www.ticogonzalez.com\/wp-content\/uploads\/2018\/03\/2001-Portland-Folklore-Society.jpg?resize=300%2C214&amp;ssl=1 300w, https:\/\/i0.wp.com\/www.ticogonzalez.com\/wp-content\/uploads\/2018\/03\/2001-Portland-Folklore-Society.jpg?resize=768%2C548&amp;ssl=1 768w, https:\/\/i0.wp.com\/www.ticogonzalez.com\/wp-content\/uploads\/2018\/03\/2001-Portland-Folklore-Society.jpg?resize=600%2C428&amp;ssl=1 600w, https:\/\/i0.wp.com\/www.ticogonzalez.com\/wp-content\/uploads\/2018\/03\/2001-Portland-Folklore-Society.jpg?w=859&amp;ssl=1 859w\" sizes=\"auto, (max-width: 300px) 100vw, 300px\" \/>Es a inicios del a\u00f1o 2000 cuando tiene la oportunidad de emigrar a los Estados Unidos de Am\u00e9rica y radicarse en la ciudad de Portland, estado de Oreg\u00f3n. Es acogido solidariamente por IRCO: International Refugee and Community Organization, donde es tutorado por Laura Marcus y Jan DeWeese; artistas folcl\u00f3ricos locales como parte del Programa: Art for New Inmigrants, de dicha organizaci\u00f3n, que lo orienta y ayuda a re-integrarse a la escena art\u00edstica local de su nueva ciudad adoptiva, la ciudad de las Rosas.<\/h5>\n<h5><img data-recalc-dims=\"1\" decoding=\"async\" loading=\"lazy\" class=\"alignleft wp-image-205 size-medium\" src=\"https:\/\/i0.wp.com\/box2019.temp.domains\/~ticogonz\/wp-content\/uploads\/2018\/03\/2003-CVTV-Staff-Group-Picture-2-300x180.jpg?resize=300%2C180\" alt=\"\" width=\"300\" height=\"180\" srcset=\"https:\/\/i0.wp.com\/www.ticogonzalez.com\/wp-content\/uploads\/2018\/03\/2003-CVTV-Staff-Group-Picture-2.jpg?resize=300%2C180&amp;ssl=1 300w, https:\/\/i0.wp.com\/www.ticogonzalez.com\/wp-content\/uploads\/2018\/03\/2003-CVTV-Staff-Group-Picture-2.jpg?w=381&amp;ssl=1 381w\" sizes=\"auto, (max-width: 300px) 100vw, 300px\" \/>En el verano de \u00e9se mismo a\u00f1o comienza a trabajar parcialmente como asistente de producci\u00f3n en Clark Vancouver Television (CVTV) canal local gubernamental de la ciudad de Vancouver, USA y del condado de Clark en el estado de Washington. Al tiempo que toma clases de ingl\u00e9s en el Mt. Hood Community Collage, donde tambi\u00e9n participa voluntariamente como camar\u00f3grafo en la TV por cable de esa instituci\u00f3n educativa. En CVTV se destaca por su creatividad y trabajo en equipo, participando activamente en la grabaci\u00f3n de programas en el estudio, transmisi\u00f3n y cobertura de eventos tales como las Elecciones locales, conciertos de la Orquesta Sinf\u00f3nica de Vancouver, desfiles y actividades comunitarias entre otras. Desarrollando habilidades en la edici\u00f3n no lineal y aportando versiones en idioma espa\u00f1ol de videos producidos para la comunidad Hispana.<\/h5>\n<h5>En el a\u00f1o 2001 Realiza el documental <strong><em>\u201cIn My Country\u201d<\/em><\/strong> <em>A Gathering of Refugee &amp; Immigrant Fiber Traditions, <\/em>producido por el IRCO. Un medio metraje de 40 minutos acerca del arte, la diversidad y la cultura de un grupo de mujeres de diferentes pa\u00edses que se re\u00fanen los fines de semana para coser, bordar y tejer manualidades, en un ambiente de colaboraci\u00f3n y amistad. En el a\u00f1o 2004 funda la agrupaci\u00f3n musical Cuba-Ach\u00e9, junto a Isa la Cubana, una excelente cantante de su pa\u00eds.<\/h5>\n<h5><img data-recalc-dims=\"1\" decoding=\"async\" loading=\"lazy\" class=\"size-medium wp-image-211 alignleft\" src=\"https:\/\/i0.wp.com\/box2019.temp.domains\/~ticogonz\/wp-content\/uploads\/2018\/03\/2005-CUBA-Ache-Washington-Park-Summer-Concert-web2-300x199.jpg?resize=300%2C199\" alt=\"\" width=\"300\" height=\"199\" srcset=\"https:\/\/i0.wp.com\/www.ticogonzalez.com\/wp-content\/uploads\/2018\/03\/2005-CUBA-Ache-Washington-Park-Summer-Concert-web2.jpg?resize=300%2C199&amp;ssl=1 300w, https:\/\/i0.wp.com\/www.ticogonzalez.com\/wp-content\/uploads\/2018\/03\/2005-CUBA-Ache-Washington-Park-Summer-Concert-web2.jpg?resize=768%2C510&amp;ssl=1 768w, https:\/\/i0.wp.com\/www.ticogonzalez.com\/wp-content\/uploads\/2018\/03\/2005-CUBA-Ache-Washington-Park-Summer-Concert-web2.jpg?resize=600%2C399&amp;ssl=1 600w, https:\/\/i0.wp.com\/www.ticogonzalez.com\/wp-content\/uploads\/2018\/03\/2005-CUBA-Ache-Washington-Park-Summer-Concert-web2.jpg?w=960&amp;ssl=1 960w\" sizes=\"auto, (max-width: 300px) 100vw, 300px\" \/>En dicha agrupaci\u00f3n toca la guitarra ac\u00fastica, compone, canta y dirige la interpretaci\u00f3n de m\u00fasica cubana en diversos escenarios p\u00fablicos del \u00e1rea Metropolitana de Portland y en el estado de Oreg\u00f3n. Participa en festivales, eventos y conciertos locales convirti\u00e9ndose en un incansable promotor de la m\u00fasica de su pa\u00eds natal.<\/h5>\n<h5><img data-recalc-dims=\"1\" decoding=\"async\" loading=\"lazy\" class=\"size-medium wp-image-207 alignright\" src=\"https:\/\/i0.wp.com\/box2019.temp.domains\/~ticogonz\/wp-content\/uploads\/2018\/03\/2009-NATOA-Awards-Third-Place-2-300x225.jpg?resize=300%2C225\" alt=\"\" width=\"300\" height=\"225\" srcset=\"https:\/\/i0.wp.com\/www.ticogonzalez.com\/wp-content\/uploads\/2018\/03\/2009-NATOA-Awards-Third-Place-2.jpg?resize=300%2C225&amp;ssl=1 300w, https:\/\/i0.wp.com\/www.ticogonzalez.com\/wp-content\/uploads\/2018\/03\/2009-NATOA-Awards-Third-Place-2.jpg?resize=768%2C576&amp;ssl=1 768w, https:\/\/i0.wp.com\/www.ticogonzalez.com\/wp-content\/uploads\/2018\/03\/2009-NATOA-Awards-Third-Place-2.jpg?resize=600%2C450&amp;ssl=1 600w, https:\/\/i0.wp.com\/www.ticogonzalez.com\/wp-content\/uploads\/2018\/03\/2009-NATOA-Awards-Third-Place-2.jpg?w=960&amp;ssl=1 960w\" sizes=\"auto, (max-width: 300px) 100vw, 300px\" \/>Luego de trabajar por 6 a\u00f1os y medio en CVTV es contratado a tiempo completo por Tualatin Valley Community Television (TVCTV) en enero del a\u00f1o 2007. Trabajando en TVCTV como productor de televisi\u00f3n se destaca realizando documentales y v\u00eddeos por encargo de las diferentes ciudades pertenecientes al condado de Washington; reflejando el acontecer socio-pol\u00edtico y cultural de la regi\u00f3n.<\/h5>\n<h5><\/h5>\n<h5>Por diez a\u00f1os consecutivos desde su contrataci\u00f3n y hasta la actualidad se ha desempe\u00f1ado satisfactoriamente en diversas especialidades audiovisuales, como operador de c\u00e1mara, de sonido, grabador, editor, director y productor de programas de televisi\u00f3n.<\/h5>\n<h5>Una selecci\u00f3n de sus mejores v\u00eddeos han participado y ganado m\u00faltiples premios nacionales en los festivales anuales de NATOA: National Association of Telecommunications Officers and Advisors, representando a TVCTV.<\/h5>\n<h5><img data-recalc-dims=\"1\" decoding=\"async\" loading=\"lazy\" class=\"size-full wp-image-215 aligncenter\" src=\"https:\/\/i0.wp.com\/box2019.temp.domains\/~ticogonz\/wp-content\/uploads\/2018\/03\/2001-RG-Playing-Guitar-Studio-Picture-web.jpg?resize=720%2C511\" alt=\"\" width=\"720\" height=\"511\" srcset=\"https:\/\/i0.wp.com\/www.ticogonzalez.com\/wp-content\/uploads\/2018\/03\/2001-RG-Playing-Guitar-Studio-Picture-web.jpg?w=720&amp;ssl=1 720w, https:\/\/i0.wp.com\/www.ticogonzalez.com\/wp-content\/uploads\/2018\/03\/2001-RG-Playing-Guitar-Studio-Picture-web.jpg?resize=300%2C213&amp;ssl=1 300w, https:\/\/i0.wp.com\/www.ticogonzalez.com\/wp-content\/uploads\/2018\/03\/2001-RG-Playing-Guitar-Studio-Picture-web.jpg?resize=600%2C426&amp;ssl=1 600w\" sizes=\"auto, (max-width: 720px) 100vw, 720px\" \/><\/h5>\n<h5>Para Roberto C. Gonz\u00e1lez contar historias que reflejen las experiencias de vida del ser humano y la realidad que le rodea; ya sea a trav\u00e9s del arte audiovisual o de la composici\u00f3n musical, es la esencia de su expresi\u00f3n creadora.<\/h5>\n<h5><\/h5>\n<h5><\/h5>\n<h5><\/h5>\n","protected":false},"excerpt":{"rendered":"<p>Biograf\u00eda. Actualmente dedicado a la producci\u00f3n de programas de televisi\u00f3n trabajando para Tualatin Valley Community Television (TVCTV) en el Condado de Washington, estado de Oreg\u00f3n en los Estados Unidos de Am\u00e9rica. Roberto combina sus dos grandes pasiones; la producci\u00f3n de videos, y la creaci\u00f3n de composiciones musicales originales. Nacido en La Habana, Cuba, en 1974, [&hellip;]<\/p>\n","protected":false},"author":1,"featured_media":0,"parent":0,"menu_order":5,"comment_status":"closed","ping_status":"closed","template":"","meta":{"nf_dc_page":"","om_disable_all_campaigns":false,"footnotes":""},"class_list":["post-4","page","type-page","status-publish","hentry"],"aioseo_notices":[],"jetpack_sharing_enabled":true,"_links":{"self":[{"href":"https:\/\/www.ticogonzalez.com\/index.php?rest_route=\/wp\/v2\/pages\/4","targetHints":{"allow":["GET"]}}],"collection":[{"href":"https:\/\/www.ticogonzalez.com\/index.php?rest_route=\/wp\/v2\/pages"}],"about":[{"href":"https:\/\/www.ticogonzalez.com\/index.php?rest_route=\/wp\/v2\/types\/page"}],"author":[{"embeddable":true,"href":"https:\/\/www.ticogonzalez.com\/index.php?rest_route=\/wp\/v2\/users\/1"}],"replies":[{"embeddable":true,"href":"https:\/\/www.ticogonzalez.com\/index.php?rest_route=%2Fwp%2Fv2%2Fcomments&post=4"}],"version-history":[{"count":11,"href":"https:\/\/www.ticogonzalez.com\/index.php?rest_route=\/wp\/v2\/pages\/4\/revisions"}],"predecessor-version":[{"id":217,"href":"https:\/\/www.ticogonzalez.com\/index.php?rest_route=\/wp\/v2\/pages\/4\/revisions\/217"}],"wp:attachment":[{"href":"https:\/\/www.ticogonzalez.com\/index.php?rest_route=%2Fwp%2Fv2%2Fmedia&parent=4"}],"curies":[{"name":"wp","href":"https:\/\/api.w.org\/{rel}","templated":true}]}}